879?
739493879
What are the prime factors of 312943379?
7, 29, 43, 35851
What are the prime factors of 1764083142?
2, 3, 98004619
What are the prime factors of 60178096?
2, 11, 17, 20113
List the prime factors of 191549454.
2, 3, 31924909
List the prime factors of 1070349184.
2, 8362103
What are the prime factors of 1247194471?
61, 461, 44351
List the prime factors of 72608065.
5, 14521613
What are the prime factors of 57592985?
5, 29, 73, 5441
List the prime factors of 967124.
2, 241781
List the prime factors of 201163588.
2, 31, 1622287
What are the prime factors of 59048266?
2, 29524133
List the prime factors of 295566363.
3, 32840707
What are the prime factors of 1727275697?
7, 1741, 141731
What are the prime factors of 3580404088?
2, 447550511
List the prime factors of 15665632.
2, 489551
What are the prime factors of 914197705?
5, 41, 47, 239, 397
What are the prime factors of 443755847?
443755847
What are the prime factors of 6637096700?
2, 5, 13, 1787, 2857
What are the prime factors of 86176937?
7, 11, 101, 1583
What are the prime factors of 565896019?
13, 19, 37, 3259
List the prime factors of 194256307.
7, 27750901
What are the prime factors of 3123368378?
2, 13, 97, 1238449
What are the prime factors of 756366071?
2351, 321721
What are the prime factors of 129236074?
2, 11, 17, 345551
List the prime factors of 335870634.
2, 3, 11, 29, 175481
What are the prime factors of 68456771?
37, 809, 2287
List the prime factors of 17899733.
1163, 15391
What are the prime factors of 235900935?
3, 5, 29, 163, 1109
What are the prime factors of 83745085?
5, 16749017
List the prime factors of 1689453057.
3, 1213, 464263
What are the prime factors of 666831122?
2, 333415561
List the prime factors of 4307492952.
2, 3, 7, 2848871
List the prime factors of 91113388.
2, 37, 43, 103, 139
List the prime factors of 586390252.
2, 7, 857, 3491
List the prime factors of 625583769.
3, 71, 2937013
List the prime factors of 1301532954.
2, 3, 17, 31, 411617
List the prime factors of 290238028.
2, 72559507
What are the prime factors of 1735670789?
5741, 302329
List the prime factors of 36208.
2, 31, 73
List the prime factors of 33815228.
2, 61, 138587
List the prime factors of 92611648.
2, 17, 85121
What are the prime factors of 2891843551?
2891843551
What are the prime factors of 249580821?
3, 7, 11884801
List the prime factors of 280451079.
3, 31, 67, 1667
List the prime factors of 68471061.
3, 22823687
List the prime factors of 1664390052.
2, 3, 13, 1185463
List the prime factors of 366038607.
3, 11, 31, 357809
What are the prime factors of 199985198?
2, 7, 14284657
What are the prime factors of 47405108?
2, 53, 311, 719
What are the prime factors of 58930218?
2, 3, 3273901
List the prime factors of 69444900.
2, 3, 5, 7, 73, 151
What are the prime factors of 388819240?
2, 5, 17, 29, 19717
List the prime factors of 47004664.
2, 7, 839369
List the prime factors of 51229664.
2, 41, 39047
List the prime factors of 132576724.
2, 7, 349, 13567
What are the prime factors of 797164138?
2, 398582069
List the prime factors of 648280121.
648280121
List the prime factors of 207764184.
2, 3, 103, 84047
List the prime factors of 2343193667.
83, 28231249
What are the prime factors of 646125501?
3, 7, 30767881
What are the prime factors of 3304090996?
2, 826022749
What are the prime factors of 2099513237?
37, 56743601
What are the prime factors of 23827047?
3, 17, 467197
What are the prime factors of 326813593?
17, 241, 79769
What are the prime factors of 370582696?
2, 11, 4211167
List the prime factors of 55501908.
2, 3, 7, 11, 8581
List the prime factors of 9715289.
19, 163, 3137
List the prime factors of 1250603471.
13, 59, 601, 2713
What are the prime factors of 41056487?
41056487
List the prime factors of 1399267591.
37, 4139, 9137
List the prime factors of 369926031.
3, 123308677
What are the prime factors of 300050170?
2, 5, 7, 17, 252143
List the prime factors of 69501083.
17, 4088299
List the prime factors of 268360078.
2, 7, 19168577
List the prime factors of 31258874.
2, 15629437
What are the prime factors of 4138727909?
4138727909
List the prime factors of 48973898.
2, 24486949
List the prime factors of 110223066.
2, 3, 19, 966869
What are the prime factors of 83297440?
2, 5, 520609
List the prime factors of 1421614952.
2, 2111, 84179
List the prime factors of 48095896.
2, 2203, 2729
What are the prime factors of 305573889?
3, 101857963
List the prime factors of 1132842054.
2, 3, 19, 41, 242371
What are the prime factors of 35172629?
19, 41, 163, 277
What are the prime factors of 175682330?
2, 5, 167, 105199
List the prime factors of 29355823.
7, 61, 68749
List the prime factors of 62866165.
5, 1549, 8117
What are the prime factors of 375504761?
47, 7989463
What are the prime factors of 48711894?
2, 3, 7, 11, 105437
What are the prime factors of 1549284360?
2, 3, 5, 13, 557, 1783
What are the prime factors of 9089980?
2, 5, 19, 1259
List the prime factors of 997241039.
181, 5509619
List the prime factors of 53289040.
2, 5, 7, 43, 2213
List the prime factors of 11919785.
5, 613, 3889
What are the prime factors of 82366200?
2, 3, 5, 7, 2179
What are the prime factors of 335826172?
2, 11, 751, 10163
What are the prime factors of 47235968?
2, 13, 28387
List the prime factors of 600583686.
2, 3, 173, 578597
What are the prime factors of 95177835?
3, 5, 235007
List the prime factors of 1300668666.
2, 3, 11, 41, 480661
What are the prime factors of 2183229?
3, 23, 53, 199
List the prime factors of 1438718822.
2, 719359411
List the prime factors of 276708996.
2, 3, 1597, 4813
What are the prime factors of 828029230?
2, 5, 7, 11828989
What are the prime factors of 62542764?
2, 3, 71, 24469
List the prime factors of 1699626554.
2, 2251, 377527
List the prime factors of 35661398.
2, 2731, 6529
What are the prime factors of 729058341?
3, 11, 31, 149, 4783
List the prime factors of 5879245907.
43, 1093, 125093
What are the prime factors of 95985680?
2, 5, 7, 171403
What are the prime factors of 12615140?
2, 5, 31, 20347
List the prime factors of 679253838.
2, 3, 19, 5958367
List the prime factors of 95250318.
2, 3, 15875053
What are the prime factors of 131172506?
2, 65586253
List the prime factors of 47783555.
5, 31, 149, 2069
What are the prime factors of 682289335?
5, 7, 13, 19, 467
What are the prime factors of 18851209?
13, 83, 17471
List the prime factors of 799502273.
19, 42079067
List the prime factors of 19966439.
19966439
List the prime factors of 513373894.
2, 11, 89, 262193
What are the prime factors of 452406102?
2, 3, 311, 242447
What are the prime factors of 1303590665?
5, 13, 19, 23, 45893
What are the prime factors of 94040192?
2, 17, 23, 1879
What are the prime factors of 1535432743?
13, 118110211
List the prime factors of 23985338.
2, 13, 922513
List the prime factors of 41625227.
7, 5946461
What are the prime factors of 6317432?
2, 11, 71789
What are the prime factors of 127552274?
2, 433, 147289
List the prime factors of 4946694.
2, 3, 17, 48497
What are the prime factors of 152213259?
3, 11, 4612523
What are the prime factors of 1236652869?
3, 53, 167, 46573
What are the prime factors of 47175673?
313, 150721
List the prime factors of 3348400585.
5, 669680117
What are the prime factors of 5391852453?
3, 13, 15361403
List the prime factors of 123028688.
2, 53, 59, 2459
List the prime factors of 493027467.
3, 997, 164837
List the prime factors of 1080428339.
47, 22987837
What are the prime factors of 68443877?
31, 433, 5099
What are the prime factors of 1402448650?
2, 5, 89, 113, 2789
What are the prime factors of 1872268263?
3, 23114423
List the prime factors of 372408910.
2, 5, 37240891
List the prime factors of 2988167471.
37, 80761283
List the prime factors of 1179827288.
2, 37, 3985903
List the prime factors of 59580228.
2, 3, 4965019
List the prime factors of 899637632.
2, 89, 157, 503
What are the prime factors of 1938524281?
163, 11892787
List the prime factors of 111370692.
2, 3, 23, 139, 2903
What are the prime factors of 1069255272?
2, 3, 401, 111103
List the prime factors of 75570665.
5, 29, 521177
What are the prime factors of 20408075?
5, 17, 31, 1549
List the prime factors of 2104111245.
3, 5, 1109, 126487
What are the prime factors of 